{"id":932,"date":"2014-07-24T10:06:37","date_gmt":"2014-07-24T10:06:37","guid":{"rendered":"http:\/\/www.escrimelarochelle.fr\/?page_id=932"},"modified":"2022-07-21T11:01:26","modified_gmt":"2022-07-21T09:01:26","slug":"salle-equipements","status":"publish","type":"page","link":"https:\/\/www.escrimelarochelle.fr\/?page_id=932","title":{"rendered":"La salle &#038; les \u00e9quipements"},"content":{"rendered":"\n<p>Depuis 2007, le Cercle d\u2019Escrime Rochelais s\u2019entra\u00eene la salle d\u2019armes Germaine Joris, situ\u00e9e rue du Moulin de Vend\u00f4me \u00e0 Lagord. Cet \u00e9quipement rare, moderne et de grande qualit\u00e9 est enti\u00e8rement d\u00e9di\u00e9 \u00e0 la pratique de notre sport.<\/p>\n\n\n\n<p>Les 12 pistes \u00e9lectriques enti\u00e8rement \u00e9quip\u00e9es, les gradins pouvant accueillir 80 personnes, les vestiaires, accessibles PMR et dot\u00e9s de douches, les nombreux casiers et le club-house nous permettent d\u2019organiser les entra\u00eenements, les comp\u00e9titions et les stages tout au long de l\u2019ann\u00e9e dans de tr\u00e8s bonnes conditions<\/p>\n\n\n\n<figure class=\"wp-block-image size-full\"><a href=\"https:\/\/www.escrimelarochelle.fr\/wp-content\/uploads\/2019\/09\/FB_IMG_1503668393556.jpg\"><img loading=\"lazy\" decoding=\"async\" width=\"960\" height=\"540\" src=\"https:\/\/www.escrimelarochelle.fr\/wp-content\/uploads\/2019\/09\/FB_IMG_1503668393556.jpg\" alt=\"\" class=\"wp-image-2225\" srcset=\"https:\/\/www.escrimelarochelle.fr\/wp-content\/uploads\/2019\/09\/FB_IMG_1503668393556.jpg 960w, https:\/\/www.escrimelarochelle.fr\/wp-content\/uploads\/2019\/09\/FB_IMG_1503668393556-300x169.jpg 300w, https:\/\/www.escrimelarochelle.fr\/wp-content\/uploads\/2019\/09\/FB_IMG_1503668393556-768x432.jpg 768w\" sizes=\"auto, (max-width: 767px) 89vw, (max-width: 1000px) 54vw, (max-width: 1071px) 543px, 580px\" \/><\/a><\/figure>\n","protected":false},"excerpt":{"rendered":"<p>Depuis 2007, le Cercle d\u2019Escrime Rochelais s\u2019entra\u00eene la salle d\u2019armes Germaine Joris, situ\u00e9e rue du Moulin de Vend\u00f4me \u00e0 Lagord. Cet \u00e9quipement rare, moderne et de grande qualit\u00e9 est enti\u00e8rement d\u00e9di\u00e9 \u00e0 la pratique de notre sport. Les 12 pistes \u00e9lectriques enti\u00e8rement \u00e9quip\u00e9es, les gradins pouvant accueillir 80 personnes, les vestiaires, accessibles PMR et dot\u00e9s &hellip; <\/p>\n<p class=\"link-more\"><a href=\"https:\/\/www.escrimelarochelle.fr\/?page_id=932\" class=\"more-link\">Continuer la lecture<span class=\"screen-reader-text\"> de &laquo;&nbsp;La salle &#038; les \u00e9quipements&nbsp;&raquo;<\/span><\/a><\/p>\n","protected":false},"author":1,"featured_media":0,"parent":0,"menu_order":0,"comment_status":"closed","ping_status":"closed","template":"","meta":{"_monsterinsights_skip_tracking":false,"_monsterinsights_sitenote_active":false,"_monsterinsights_sitenote_note":"","_monsterinsights_sitenote_category":0,"footnotes":""},"class_list":["post-932","page","type-page","status-publish","hentry"],"_links":{"self":[{"href":"https:\/\/www.escrimelarochelle.fr\/index.php?rest_route=\/wp\/v2\/pages\/932","targetHints":{"allow":["GET"]}}],"collection":[{"href":"https:\/\/www.escrimelarochelle.fr\/index.php?rest_route=\/wp\/v2\/pages"}],"about":[{"href":"https:\/\/www.escrimelarochelle.fr\/index.php?rest_route=\/wp\/v2\/types\/page"}],"author":[{"embeddable":true,"href":"https:\/\/www.escrimelarochelle.fr\/index.php?rest_route=\/wp\/v2\/users\/1"}],"replies":[{"embeddable":true,"href":"https:\/\/www.escrimelarochelle.fr\/index.php?rest_route=%2Fwp%2Fv2%2Fcomments&post=932"}],"version-history":[{"count":11,"href":"https:\/\/www.escrimelarochelle.fr\/index.php?rest_route=\/wp\/v2\/pages\/932\/revisions"}],"predecessor-version":[{"id":2380,"href":"https:\/\/www.escrimelarochelle.fr\/index.php?rest_route=\/wp\/v2\/pages\/932\/revisions\/2380"}],"wp:attachment":[{"href":"https:\/\/www.escrimelarochelle.fr\/index.php?rest_route=%2Fwp%2Fv2%2Fmedia&parent=932"}],"curies":[{"name":"wp","href":"https:\/\/api.w.org\/{rel}","templated":true}]}}